.
-142502
What is 5a7 (base 16) in base 13?
874
-1fa (base 16) to base 5
-4011
4a7 (base 13) to base 10
813
Convert -177 (base 9) to base 3.
-12121
-110022112 (base 3) to base 9
-13275
Convert 471 (base 12) to base 11.
551
7963 (base 13) to base 11
11838
-322301 (base 4) to base 11
-290a
Convert 24002 (base 8) to base 3.
112001100
1048 (base 9) to base 16
305
Convert 3119 (base 10) to base 14.
11cb
Convert -11111001101 (base 2) to base 16.
-7cd
c96b (base 13) to base 14
a2a2
What is 13002 (base 4) in base 2?
111000010
What is 11c (base 15) in base 12?
190
Convert -110111101 (base 2) to base 6.
-2021
Convert -c9c (base 13) to base 9.
-2856
What is 21378 (base 9) in base 6?
145325
-20431 (base 5) to base 10
-1366
Convert -21420 (base 5) to base 15.
-690
11001111000 (base 2) to base 9
2240
Convert 22a9 (base 12) to base 3.
12022110
Convert -3c6 (base 16) to base 6.
-4250
-111110001010010 (base 2) to base 12
-16502
Convert -201222 (base 3) to base 4.
-20123
Convert -6c8 (base 16) to base 12.
-1008
Convert -17b (base 12) to base 9.
-285
-1373 (base 14) to base 4
-311221
100101011011001 (base 2) to base 16
4ad9
Convert -102112 (base 3) to base 12.
-21b
What is 15a28 (base 12) in base 13?
1106c
What is 31311030 (base 4) in base 11?
39622
Convert 484 (base 9) to base 8.
620
323345 (base 6) to base 4
12201101
What is -1325 (base 6) in base 8?
-525
Convert -31b (base 13) to base 14.
-29d
10603 (base 7) to base 5
41243
Convert -4301 (base 8) to base 5.
-32431
-1110001010 (base 2) to base 5
-12111
What is -5e (base 16) in base 6?
-234
What is 7c93 (base 13) in base 7?
102046
Convert 11022 (base 3) to base 9.
138
Convert -3cf (base 16) to base 9.
-1303
Convert -20308 (base 11) to base 14.
-ab41
1781 (base 10) to base 7
5123
What is -16d23 (base 15) in base 7?
-425154
Convert -3202403 (base 5) to base 10.
-53478
Convert 1202101 (base 5) to base 15.
686b
4444 (base 9) to base 8
6320
Convert 170c (base 13) to base 10.
3392
Convert 9ad3 (base 15) to base 13.
11c2b
Convert -110100100 (base 2) to base 7.
-1140
-111010001111 (base 2) to base 6
-25131
-2332113 (base 4) to base 14
-4623
-45521 (base 6) to base 4
-1210321
-2a9 (base 13) to base 6
-2113
-1001110111010 (base 2) to base 11
-3881
Convert 328 (base 12) to base 13.
299
Convert -1094 (base 15) to base 4.
-312322
What is 110111001010 (base 2) in base 8?
6712
What is 222111121 (base 3) in base 16?
4b79
Convert -101541 (base 7) to base 14.
-64c8
What is 213003 (base 4) in base 16?
9c3
What is 1325 (base 11) in base 6?
11545
What is aa66 (base 15) in base 5?
2123341
What is -22031 (base 7) in base 5?
-134020
What is 546 (base 11) in base 2?
1010001111
1745 (base 8) to base 15
467
Convert -30040 (base 5) to base 3.
-2121012
563 (base 10) to base 3
202212
What is -20012220 (base 3) in base 15?
-1523
What is 1310313 (base 5) in base 3?
1022021011
What is 175a1 (base 13) in base 12?
21bb0
Convert 324 (base 7) to base 14.
bb
What is -333b (base 16) in base 8?
-31473
232 (base 16) to base 6
2334
1202 (base 8) to base 5
10032
-16343 (base 9) to base 11
-8478
Convert 54655 (base 10) to base 14.
15cbd
What is 903 (base 15) in base 5?
31103
63c (base 14) to base 10
1230
What is 189a (base 11) in base 14?
c40
Convert 22120 (base 4) to base 8.
1230
1002021200 (base 3) to base 8
51544
Convert -747 (base 9) to base 11.
-505
What is 2aa (base 14) in base 5?
4132
What is -103022 (base 6) in base 8?
-20366
What is -1936 (base 10) in base 9?
-2581
Convert 1000100011011 (base 2) to base 12.
264b
What is c28 (base 14) in base 6?
15020
Convert 2936 (base 11) to base 13.
1957
What is 22324 (base 6) in base 15?
ded
What is 401 (base 12) in base 4?
21001
1140 (base 5) to base 10
170
Convert -45411 (base 6) to base 7.
-24463
What is 874 (base 9) in base 5?
10330
Convert 5c (base 13) to base 11.
70
Convert -1111 (base 4) to base 16.
-55
Convert 1013 (base 7) to base 5.
2403
11249 (base 11) to base 10
16267
What is 21ec (base 16) in base 15?
288e
Convert -1111011001110 (base 2) to base 6.
-100302
Convert -3401 (base 6) to base 7.
-2212
Convert 82437 (base 9) to base 6.
1055224
Convert -113015 (base 7) to base 14.
-7545
-4513 (base 6) to base 13
-630
Convert -1111331 (base 4) to base 5.
-134001
-22858 (base 10) to base 5
-1212413
11351 (base 6) to base 7
4546
Convert 2c69 (base 16) to base 5.
330434
767 (base 16) to base 7
5345
-1040 (base 14) to base 5
-42200
What is -1000011101 (base 2) in base 8?
-1035
Convert 10152 (base 7) to base 10.
2487
What is -112 (base 7) in base 13?
-46
-181 (base 14) to base 4
-10311
What is -2204 (base 5) in base 10?
-304
Convert -1144 (base 7) to base 8.
-650
What is -25662 (base 7) in base 5?
-204410
-12341 (base 7) to base 3
-11110212
-33132 (base 9) to base 2
-101010111011100
What is 637 (base 16) in base 10?
1591
Convert 3041 (base 9) to base 7.
6325
34031 (base 6) to base 10
4771
What is 172 (base 15) in base 2?
101001100
Convert 175 (base 13) to base 8.
411
Convert 540 (base 10) to base 5.
4130
What is 1b48 (base 13) in base 7?
15000
1540 (base 11) to base 6
13100
What is -24173 (base 11) in base 3?
-1202202011
-136 (base 7) to base 15
-51
-126 (base 10) to base 6
-330
Convert 12a (base 11) to base 9.
180
Convert 1302 (base 4) to base 8.
162
698 (base 10) to base 15
318
Convert -110001100 (base 2) to base 14.
-204
-181 (base 12) to base 2
-11110001
Convert -40730 (base 9) to base 11.
-19189
-86ce (base 15) to base 13
-ccb9
2250 (base 7) to base 9
1110
What is -2112222 (base 3) in base 14?
-970
Convert 203021 (base 5) to base 14.
25c0
What is -121041 (base 6) in base 7?
-42634
51785 (base 10) to base 8
145111
Convert 200110 (base 3) to base 9.
613
-413 (base 8) to base 15
-12c
What is 111110111000010 (base 2) in base 11?
22208
Convert -16b8 (base 15) to base 8.
-11442
What is -1211210021 (base 3) in base 5?
-2130140
-4612 (base 9) to base 6
-23445
1160 (base 7) to base 8
662
d15 (base 14) to base 5
40232
1001120220 (base 3) to base 16
5169
What is -6685 (base 9) in base 4?
-1031021
Convert -21212 (base 5) to base 10.
-1432
Convert -312 (base 6) to base 16.
-74
Convert -eae (base 16) to base 9.
-5135
What is 9f (base 16) in base 3?
12220
What is 5054 (base 6) in base 5?
13424
103b (base 13) to base 4
203013
Convert -244240 (base 5) to base 2.
-10010001101000
e17e (base 15) to base 14
134b8
1953 (base 11) to base 5
34403
-1bb8 (base 13) to base 14
-1767
5bc (base 15) to base 11
a84
Convert 20234 (base 5) to base 10.
1319
What is -1111100101000111 (base 2) in base 7?
-354023
What is -100110011000 (base 2) in base 8?
-4630
10111011 (base 2) to base 15
c7
54305 (base 6) to base 5
214312
-4535 (base 11) to base 15
-1b7c
What is -2606 (base 14) in base 15?
-1e9a
Convert 4431 (base 6) to base 13.
610
What is 1486 (base 9) in base 4?
101223
What is -389 (base 15) in base 3?
-1002210
What is 74aa (base 14) in base 9?
30560
3043 (base 7) to base 3
1110021
Convert 9a8 (base 14) to base 8.
3570
What is -11001100110 (base 2) in base 10?
-1638
What is 13031 (base 4) in base 14?
24d
Convert -8685 (base 9) to base 4.
-1203323
Convert 12520 (base 8) to base 3.
21111002
What is a42 (base 13) in base 7?
5041
What is 182 (base 14) in base 4?
10312
What is -a28 (base 14) in base 11?
-1555
What is -2001100 (base 3) in base 2?
-10111010110
What is -12333 (base 8) in base 3?
-21022202
Convert 1393 (base 10) to base 16.
571
What is -673 (base 13) in base 2?
-10001010100
What is 4114123 (base 5) in base 16?
104e4
What is -1000000001011 (base 2) in base 7?
-14655
1aa6 (base 13) to base 16
fb7
Convert -1054454 (base 6) to base 14.
-15a5c
-1a6a (base 15) to base 5
-140400
-221023 (base 4) to base 14
-d63
What is 110011111011 (base 2) in base 7?
12455
Convert -302b (base 13) to base 4.
-1213210
-100100001 (base 2) to base 8
-441
What is 1b1 (base 13) in base 2?
100111001
25b4 (base 16) to base 12
5704
9984 (base 15) to base 10
32524
What is -701 (base 14) in base 11?
-1039
Convert d (base 15) to base 13.
10
Convert 595b (base 16) to base 14.
849d
What is -1001100010 (base 2) in base 15?
-2aa
74 (base 9) to base 8
103
What is 2000021 (base 4) in base 13?
396b
39db (base 14) to base 13
483a
What is -a01 (base 12) in base 4?
-112201
-112010202 (base 3) to base 11
-7820
-30377 (base 9) to base 12
-b6a4
What is -19676 (base 12) in 